posite?
False
Is 62093777 prime?
False
Is 4383389 a prime number?
True
Is 1085131 a composite number?
False
Is 22749449 composite?
False
Is 233273 a composite number?
True
Is 91691239 composite?
True
Is 11813251 prime?
True
Is 19143559 prime?
True
Is 2285702 prime?
False
Is 4535341 prime?
True
Is 30378821 prime?
False
Is 758077 a composite number?
True
Is 44427769 composite?
True
Is 13950037 prime?
False
Is 1671421 prime?
True
Is 22179853 prime?
True
Is 134141003 a composite number?
False
Is 1887647 a prime number?
False
Is 45724043 prime?
True
Is 20193037 prime?
True
Is 10699193 prime?
True
Is 1689449 composite?
True
Is 693995623 a composite number?
False
Is 62563639 a prime number?
True
Is 295042021 composite?
True
Is 8889427 a composite number?
False
Is 65277859 composite?
False
Is 1370933 a composite number?
False
Is 608299 a composite number?
False
Is 19695583 prime?
False
Is 5514413 a prime number?
False
Is 7440371 a prime number?
False
Is 10312483 composite?
False
Is 2610449 a composite number?
False
Is 5871941 a composite number?
True
Is 123252413 composite?
False
Is 103331699 prime?
True
Is 917173 a composite number?
False
Is 993158 prime?
False
Is 209163233 a prime number?
False
Is 34880261 a prime number?
False
Is 69572477 a prime number?
False
Is 7883301 composite?
True
Is 890797723 a composite number?
True
Is 368435693 composite?
False
Is 3756803 a composite number?
False
Is 395097089 a composite number?
False
Is 13743781 composite?
False
Is 34826737 a prime number?
False
Is 126271786 prime?
False
Is 12499211 a composite number?
False
Is 6900802 composite?
True
Is 2549149 composite?
True
Is 182558807 composite?
True
Is 27286631 a prime number?
False
Is 186103685 composite?
True
Is 660949943 composite?
False
Is 65608589 a prime number?
True
Is 993887 composite?
False
Is 434561 prime?
True
Is 265056557 a prime number?
True
Is 163709447 a prime number?
False
Is 40371961 prime?
False
Is 246788285 composite?
True
Is 27875093 composite?
False
Is 433949 a prime number?
False
Is 633297829 a composite number?
True
Is 9284917 prime?
True
Is 23068151 composite?
False
Is 306529387 prime?
True
Is 40818857 prime?
True
Is 4182643 prime?
False
Is 11906381 a prime number?
False
Is 3757261 a prime number?
True
Is 737221241 a prime number?
False
Is 2786937 a composite number?
True
Is 56114969 composite?
True
Is 1641307 prime?
False
Is 17962559 composite?
False
Is 45415921 composite?
True
Is 46209613 prime?
False
Is 15201119 prime?
False
Is 1140413 prime?
True
Is 3200507 composite?
False
Is 16472917 a composite number?
False
Is 5452747 prime?
True
Is 7641457 composite?
True
Is 11005067 a prime number?
True
Is 43235833 composite?
False
Is 1411013 composite?
False
Is 8596439 composite?
False
Is 28445099 a prime number?
False
Is 6684793 a composite number?
True
Is 45184973 prime?
False
Is 145595897 a composite number?
True
Is 1818709 prime?
False
Is 245852899 a composite number?
True
Is 48132793 prime?
True
Is 131828083 a prime number?
False
Is 1517869 composite?
False
Is 519451 prime?
False
Is 233318773 prime?
False
Is 6227437 a composite number?
False
Is 1251764999 a prime number?
True
Is 479048567 prime?
True
Is 38960083 a prime number?
False
Is 4444469 a composite number?
False
Is 3562991 a composite number?
False
Is 3946871 prime?
False
Is 3606241 composite?
True
Is 3082771 prime?
True
Is 2232803 a composite number?
True
Is 21453205 prime?
False
Is 114567727 a composite number?
False
Is 799723 a composite number?
False
Is 9541519 a composite number?
True
Is 31689733 a prime number?
True
Is 3823609 prime?
True
Is 19903801 composite?
True
Is 11887093 a prime number?
False
Is 755959 prime?
True
Is 347533 a prime number?
True
Is 47766247 a composite number?
True
Is 2306527 composite?
False
Is 194801611 a prime number?
True
Is 17652763 prime?
False
Is 28961 prime?
True
Is 506302103 composite?
False
Is 490781 a composite number?
True
Is 11348329 prime?
True
Is 40911067 composite?
False
Is 66169093 prime?
True
Is 1906321 prime?
True
Is 158815187 a composite number?
False
Is 67021 a composite number?
False
Is 4694443 prime?
False
Is 1300433 prime?
True
Is 16032647 a prime number?
False
Is 670811 a prime number?
True
Is 6376705 composite?
True
Is 54754177 a composite number?
False
Is 38404057 prime?
True
Is 175027177 a composite number?
True
Is 1719833 prime?
False
Is 110077267 a prime number?
True
Is 3584869 a prime number?
True
Is 21426061 composite?
True
Is 74829914 a composite number?
True
Is 48009041 a composite number?
True
Is 1050027943 composite?
False
Is 8680027 prime?
True
Is 2251227227 composite?
True
Is 545764313 prime?
True
Is 21050933 a composite number?
False
Is 9611939 a prime number?
True
Is 18411269 a composite number?
False
Is 270312511 a prime number?
False
Is 36809459 prime?
False
Is 198825955 composite?
True
Is 118894781 composite?
True
Is 622283 a composite number?
True
Is 41491313 composite?
False
Is 9070861 composite?
False
Is 468541 a prime number?
False
Is 243989 composite?
False
Is 36175349 a composite number?
True
Is 57749147 a prime number?
True
Is 411788497 a composite number?
False
Is 35978903 prime?
True
Is 5915287 a composite number?
True
Is 867579766 a composite number?
True
Is 34313743 prime?
False
Is 1994543 composite?
False
Is 8287139 a prime number?
False
Is 23058863 a composite number?
False
Is 3799277 a prime number?
False
Is 18971743 prime?
False
Is 43657 composite?
True
Is 5870327 a prime number?
True
Is 28716001 a composite number?
False
Is 8976029 a composite number?
False
Is 4017211 a prime number?
False
Is 1893617 prime?
False
Is 16313573 a prime number?
False
Is 110824829 a prime number?
True
Is 11754727 a prime number?
True
Is 15479753 prime?
True
Is 69500477 prime?
True
Is 35036887 composite?
True
Is 3413 composite?
False
Is 5382853 composite?
True
Is 55108733 composite?
False
Is 9624487 prime?
False
Is 4014323 prime?
False
Is 172237411 a composite number?
True
Is 65192602 prime?
False
Is 2846479 a composite number?
False
Is 17562031 prime?
True
Is 57086969 composite?
True
Is 337781 a prime number?
True
Is 4574869 a prime number?
False
Is 8550103 a prime number?
False
Is 25245182 a composite number?
True
Is 209429593 a prime number?
True
Is 1838469853 composite?
True
Is 13243687 a composite number?
True
Is 78775111 composite?
True
Is 441787 composite?
False
Is 5731079 a prime number?
True
Is 5696234 a composite number?
True
Is 934327139 composite?
False
Is 1112981 prime?
False
Is 3157237 a prime number?
False
Is 3287155 prime?
False
Is 115972567 prime?
True
Is 11221274 prime?
False
Is 43156811 a composite number?
False
Is 224112983 prime?
True
Is 31629538 composite?
True
Is 2016779 a composite number?
True
Is 7506509 prime?
True
Is 256329501 composite?
True
Is 9108019 composite?
True
Is 3066637 prime?
False
Is 3917681 a composite number?
False
Is 86964959 a composite number?
False
Is 50426291 a composite number?
True
Is 1624331 a composite number?
False
Is 395739809 a prime number?
False
Is 51219379 a prime number?
True
Is 63899221 prime?
False
Is 14158907 a prime number?
False
Is 32204699 a prime number?
True
Is 176290223 a composite number?
False
Is 1245509 a prime number?
True
Is 32391623 composite?
True
Is 26286869 a prime number?
False
Is 6114651 prime?
False
Is 1715303 a prime number?
False
Is 540282517 a prime number?
True
Is 123532495 composite?
True
Is 433617 composite?
True
Is 6245549 prime?
True
Is 3624407 prime?
True
Is 15884201 a composite number?
False
Is 75393523 a prime number?
True
Is 31561903 a prime number?
True
Is 1890859 composite?
True
Is 46909067 composite?
False
Is 267005471 a composite number?
False
Is 1539493 composite?
True
Is 21702977 a composite number?
False
Is 343639 a prime number?
True
Is 54813721 a composite number?
False
Is 4457507 a composite number?
False
Is 7234967 prime?
False
Is 2703401 prime?
True
Is 14244799 prime?
True
Is 302679533 a composite number?
True
Is 565326161 prime?
True
Is 2815247 composite?
False
Is 770703 a composite number?
True
Is 4647593 composite?
True
Is 12821339 composite?
True
Is 79696873 a composite number?
True
Is 105936737 a composite number?
False
Is 6424433 prime?
False
Is 2186459 prime?
False
Is 3978119 composite?
True
Is 87684851 a pr